 g(7).
3
Let q(r) = 5*r**2 + 32. Give q(0).
32
Let n(a) = -a + 17. Determine n(6).
11
Let g(o) = o**3 + 8*o**2 + 13*o - 4. Give g(-5).
6
Let n(j) = -2*j**3 + 2*j**2 + 4*j - 1. Calculate n(-3).
59
Let b(q) = q**3 - 3*q**2 - 4*q - 5. Give b(4).
-5
Let h(n) = -n + 10. Calculate h(6).
4
Let m(n) = n**3 - 15*n**2 - n - 28. Give m(15).
-43
Let w(u) = -11*u + 620. Determine w(56).
4
Let u(j) = j**2 + 41*j - 588. Give u(-52).
-16
Let a(u) = u**2 - 26*u + 30. Give a(25).
5
Let t(x) = 7*x - 30. What is t(7)?
19
Let q(t) = -t**3 + 7*t**2 + 11*t - 7. What is q(8)?
17
Let w(v) = -21*v + 26. Give w(1).
5
Let s(i) = -2*i**2 + 6*i + 4. Calculate s(5).
-16
Let h(b) = 3*b + 3. Give h(-7).
-18
Let s(p) = p**2 + 16*p + 12. What is s(-14)?
-16
Let s(q) = 6*q + 3. Determine s(-3).
-15
Let u(q) = 10*q + 355. Calculate u(-33).
25
Let f(r) = 3*r + 12. What is f(-14)?
-30
Let w(q) = -q**3 - 33*q**2 - 5*q - 163. Determine w(-33).
2
Let b(u) = u + 22. Calculate b(6).
28
Let l(y) = -2*y + 14. Determine l(0).
14
Let j(l) = -l**3 + 9*l**2 + 8. Determine j(9).
8
Let j(m) = m**2 + 16*m + 62. Calculate j(-7).
-1
Let m(y) = -y**3 - 9*y**2 - 6*y - 4. What is m(-8)?
-20
Let s(g) = g**3 - 5*g**2 - 8*g + 14. Calculate s(6).
2
Let l(j) = -4*j - 8. What is l(7)?
-36
Let h(t) = -t**3 + 11*t**2 - 16*t + 31. Give h(10).
-29
Let j(k) = k**2 - k - 8. What is j(-2)?
-2
Let p(f) = f**2 + 16*f - 4. Give p(-16).
-4
Let d(b) = 2*b**2 + 5*b + 4. Give d(-1).
1
Let p(u) = 5*u + 36. Determine p(-8).
-4
Let v(l) = -l**3 + 10*l**2 - 20*l + 32. Give v(8).
0
Let q(j) = -j**2 + 15*j - 51. Calculate q(11).
-7
Let u(n) = -7*n**2 - n + 3. What is u(0)?
3
Let l(y) = -y**3 + 10*y**2 + 15*y - 27. Determine l(11).
17
Let v(j) = 23*j + 169. Determine v(-7).
8
Let t(l) = -l**3 - 23*l**2 - 3*l - 73. Give t(-23).
-4
Let n(h) = 5*h**3 - h**2 - h - 2. Give n(-2).
-44
Let n(x) = x**3 + 17*x**2 + 44*x + 22. What is n(-14)?
-6
Let i(q) = q**3 + 8*q**2 - 10*q + 4. Give i(-9).
13
Let a(m) = -2*m**2 + m + 12. What is a(-6)?
-66
Let y(j) = -6*j + 2. Give y(-1).
8
Let j(o) = o**2 - o + 1. Give j(-5).
31
Let j(t) = 134*t + 3. Give j(-1).
-131
Let g(w) = w**3 - 5*w**2 - 11*w + 59. Calculate g(4).
-1
Let n(f) = -f**3 + 4*f**2 + 15*f + 7. Calculate n(6).
25
Let p(a) = a**3 - 10*a**2 - 2*a + 4. Give p(10).
-16
Let n(c) = c - 9. What is n(10)?
1
Let w(r) = -r**2 - 5*r + 4. Give w(-5).
4
Let p(v) = v**2 + 21*v - 5. Give p(-22).
17
Let m(y) = y**2 - 3*y - 18. Give m(0).
-18
Let n(a) = 6*a - 9. What is n(3)?
9
Let w(j) = -3*j - 13. Calculate w(0).
-13
Let f(v) = -5*v + 17. Calculate f(-7).
52
Let x(q) = -q**3 + 7*q**2 - 12*q - 8. What is x(4)?
-8
Let r(c) = 27*c**2 + 26*c - 25. What is r(1)?
28
Let p(g) = g**2 - 10*g + 7. Give p(6).
-17
Let r(d) = d**3 - 10*d**2 - 20*d - 47. Determine r(12).
1
Let l(v) = -3*v**2 - 70*v - 22. Give l(-23).
1
Let c(m) = 11*m + 126. Calculate c(-7).
49
Let a(r) = 6*r**3 + 1. Determine a(1).
7
Let f(i) = -3*i**2 - 39*i - 42. Determine f(-13).
-42
Let x(r) = r**2 + 2*r. Determine x(5).
35
Let s(x) = 2*x**2 + 30*x - 152. What is s(-19)?
0
Let i(g) = 11*g. What is i(-1)?
-11
Let v(x) = -3*x**2 + 13. Give v(-3).
-14
Let m(d) = d**2 - 6*d + 1. Calculate m(7).
8
Let y(k) = -k**2 - 13*k + 37. Give y(-16).
-11
Let u(t) = -2*t**2 - 3*t + 5. Determine u(-5).
-30
Let f(j) = j**3 + 7*j**2 - j + 8. Determine f(0).
8
Let j(d) = 5*d**2 - 32*d + 5. Calculate j(7).
26
Let m(a) = -a**2 - 9*a - 13. Determine m(-5).
7
Let b(u) = 2*u**3 + 22*u**2 + 8. What is b(-11)?
8
Let v(h) = -h**3 - 4*h**2 + 1. Determine v(0).
1
Let n(w) = w**2 + 4*w - 23. What is n(-9)?
22
Let z(v) = -v**3 + 2*v**2 + 15*v + 4. Give z(5).
4
Let d(n) = 2*n**2 - 11*n - 22. Determine d(7).
-1
Let r(f) = 2*f**2 - 29*f + 101. Calculate r(9).
2
Let f(r) = r**3 - 22*r**2 - 106*r + 51. What is f(26)?
-1
Let w(d) = d**2 - 2*d - 6. Calculate w(0).
-6
Let z(w) = 9*w + 30. Give z(-6).
-24
Let h(j) = -2*j**2 - 29*j - 9. What is h(-14)?
5
Let p(y) = -3*y + 41. Determine p(0).
41
Let z(a) = -23*a + 93. What is z(4)?
1
Let j(b) = 74*b**3 + 1. What is j(-1)?
-73
Let n(v) = 7*v. Give n(-1).
-7
Let i(r) = r**3 - 14*r**2 - 54*r + 66. What is i(17)?
15
Let c(h) = h**2 - 8*h - 54. What is c(12)?
-6
Let a(q) = -32*q**3 + q + 1. Give a(-1).
32
Let j(k) = -k**3 - 7*k**2 + 11*k - 12. Determine j(-9).
51
Let n(u) = -u**2 + 9*u + 46. Determine n(21).
-206
Let v(o) = -2*o - 113. Calculate v(0).
-113
Let a(h) = 48*h + 241. Determine a(-5).
1
Let z(r) = 2*r**3 + r**2. Determine z(-4).
-112
Let a(n) = 3*n - 59. What is a(22)?
7
Let o(f) = f + 22. Give o(13).
35
Let a(x) = -x**2 - 72*x + 1008. Calculate a(12).
0
Let o(w) = -w**2 - 6*w + 6. Calculate o(-10).
-34
Let q(z) = 2*z**2 - 97*z - 56. Give q(49).
-7
Let p(j) = -j**2 + 18*j - 31. Calculate p(17).
-14
Let s(k) = -k**2 - 21*k - 16. Calculate s(-20).
4
Let d(l) = 2*l**2 + 8*l - 2. Determine d(-5).
8
Let k(w) = -2*w + 46. Give k(21).
4
Let g(r) = -24*r**3 + 6*r**2 - 5*r + 1. What is g(1)?
-22
Let i(t) = -4*t**3 - t**2 + t - 1. Give i(1).
-5
Let m(t) = -4*t**3 - 57*t**2 - 14*t + 8. Calculate m(-14).
8
Let x(y) = -12*y + 182. What is x(15)?
2
Let j(h) = -11*h + 8. Calculate j(1).
-3
Let t(d) = 3*d + 104. Calculate t(-33).
5
Let t(u) = 3*u**2 - 4*u + 2. What is t(3)?
17
Let d(g) = 5*g**2 + 7*g + 10. What is d(-2)?
16
Let k(f) = f**3 + 16*f**2 + 13*f - 37. Calculate k(-15).
-7
Let t(m) = 82*m - 329. What is t(4)?
-1
Let m(j) = 3*j**2 - 2*j. Calculate m(0).
0
Let r(w) = -5*w**3 + 34*w**2 + 9*w - 12. Give r(7).
2
Let l(v) = v**3 + 5*v**2 - 6*v + 4. Determine l(-6).
4
Let r(f) = 9*f**2 + 3*f + 2. Calculate r(-2).
32
Let s(u) = -2*u + 2. What is s(-1)?
4
Let z(v) = -2*v**3 - 5*v**2 - 2*v + 4. Give z(-2).
4
Let i(z) = z. Determine i(-6).
-6
Let z(t) = -t**3 + 14*t**2 + 2*t - 14. What is z(14)?
14
Let f(v) = -v**2 - 13*v + 21. Give f(-15).
-9
Let r(w) = 6*w + 4. Calculate r(7).
46
Let y(j) = 18*j**2 + 2*j + 3. Calculate y(-1).
19
Let n(w) = -30*w + 64. Give n(3).
-26
Let s(c) = -c + 47. Determine s(-5).
52
Let l(g) = g**3 - 26*g**2 + 24*g + 37. Calculate l(25).
12
Let s(x) = -x**3 + 3*x**2 - 7. Calculate s(5).
-57
Let o(s) = 11*s - 95. What is o(9)?
4
Let f(k) = 23*k + 365. Give f(-17).
-26
Let u(l) = -3*l - 13. Give u(-5).
2
Let d(o) = -22*o - 5. Give d(-1).
17
Let a(d) = -d**3 - 2*d + 25. Give a(0).
25
Let w(l) = l + 12. Give w(-9).
3
Let o(f) = -6*f - 49. Determine o(-4).
-25
Let r(v) = -3*v**3 + 5*v**2 - 6*v + 4. Determine r(3).
-50
Let f(u) = 2*u**2 - u + 1. What is f(1)?
2
Let n(o) = 5*o + 13. Give n(-7).
-22
Let f(b) = b**2 + 55*b + 617. Calculate f(-39).
-7
Let x(z) = 21*z + 562. What is x(-27)?
-5
Let q(k) = 3*k - 38. Calculate q(20).
22
Let y(t) = -t**2 - 14*t - 54. Give y(-8).
-6
Let q(u) = 4*u**3 - 6*u + 6. Give q(3).
96
Let l(t) = t**2 - 25*t - 34. What is l(27)?
20
Let v(l) = -l**3 - 2*l - 85. Give v(0).
-85
Let v(z) = z**3 - 4*z**2 - z + 7. What is v(5)?
27
Let m(b) = -2*b**2 + 3*b + 22. Determine m(-3).
-5
Let y(u) = u**2 + 12*u - 11. What is y(-12)?
-11
Let m(b) = b - 27. What is m(12)?
-15
Let b(f) = -7*f**2 - 112*f - 4. What is b(-16)?
-4
Let n(v) = 2*v**2 + 25*v - 49. Give n(-14).
-7
Let g(j) = -4*j - 32. Calculate g(-7).
-4
Let z(l) = 4*l**2 - 4*l - 1. Calculate z(3).
23
Let a(r) = 13*r**2 - 20*r + 18. Determine a(1).
11
Let x(u) = 7*u - 6. Give x(-5).
-41
Let d(p) = -p**2 + p - 34. Determine d(0).
-34
Let v(x) = x**2 - 18*x - 20. Determine v(19).
-1
Let j(h) = h - 17. What is j(20)?
3
Let j(g) = -g**3 - 32*g**2 + 30*g - 97. What is j(-33)?
2
Let n(x) = x + 4. What is n(0)?
4
Let m(j) = j**3 + 11*j**2 + 12*j + 13. Calculate m(-10).
-7
Let r(q) = -q**3 + 11*q**2 + 3*q - 22. Determine r(11).
11
Let y(g) = -15*g - 1. Calculate y(-2).
29
Let j(a) = a**3 + a**2 - a + 1. Give j(1).
2
Let w(c) = -8*c**2 + 2*c + 4. What is w(4)?
-116
Let l(c) = 8*c - 1. Give l(-3).
-25
Let y(t) = 46*t**3 + t**2 - 3*t - 1. Calculate y(-1).
-43
Let g(f) = -2*f + 85. Calculate g(26).
33
Let n(f) = -34*f - 72. What is n(-2)?
-4
Let s(m) = m**3 - 17*m**2 + 13. Calculate s(17).
13
Let v(g) = g**2 - g - 19. What is v(-4)?
1
Let a(q) = -11*q**2. Calculate a(1).
-11
Let c(l) = 16*l**2 + 257*l + 11. Determine c(-16).
-5
Let b(m) = 26*m - 121. Determine b(5).
9
Let a(f) = 7*f**3 - f**2 + 3*f - 3. Give a(2).
55
Let q(y) = y**3 + 5*y**2 - 15*y + 17. Dete